et x = 7 + k. List the prime factors of (1 - x)*(5 - -2).
7
Let s(h) = h**2 - 13*h + 25. What are the prime factors of s(12)?
13
Let m(y) = 8*y**2 - 7*y + 9. Let o(b) = -7*b**2 + 7*b - 8. Let k(w) = 6*m(w) + 7*o(w). Let z be k(5). List the prime factors of 1/4 + 38/z.
5
Let o(i) = -i**2 + 10*i - 3. Let x = 5 - -1. List the prime factors of o(x).
3, 7
Suppose z = 5*s + 15, 2*s - 7*s + 10 = 4*z. Suppose -j + 0*j + 39 = -5*r, -z*r - 25 = 0. List the prime factors of j.
2, 7
Suppose v = -b - 15, v - 1 = -2*b - 28. Let p = 26 + b. What are the prime factors of p?
2, 7
Suppose 59 = -4*w - 25. Let z = w - -39. List the prime factors of z.
2, 3
Suppose 12 = 5*p - p. Let j = 2 - 2. Suppose -p*y = -j*y - 21. List the prime factors of y.
7
Suppose 6*i - 3*i = -f + 154, -3*f + i + 462 = 0. What are the prime factors of f?
2, 7, 11
Let o(f) = 2 - 4 + 6 - f. Let n be o(0). Suppose 51 = n*d - 1. List the prime factors of d.
13
Let o be 5*(0 + (-4)/(-5)). Suppose h - o = -h. What are the prime factors of h?
2
Suppose -2*x - 2*a = -5*a - 84, -a + 154 = 4*x. What are the prime factors of x?
3, 13
Suppose -f + 3*f + 8 = 0. Suppose -5*x + 5*h + 10 = 0, 0*x + 5*x - h = 30. Let d = x + f. What are the prime factors of d?
3
Suppose -12*a = -16*a + 568. What are the prime factors of a?
2, 71
List the prime factors of (-26 + -2)*(-1)/2.
2, 7
Let t be 128/(0 + (-2)/3). List the prime factors of (-1)/5 - t/10.
19
List the prime factors of (9/2)/(-1)*-2.
3
Suppose 5*c - 183 = -3*z, 7*c - 3*c - 3*z = 168. What are the prime factors of c?
3, 13
Suppose -6*u + 56 = -322. What are the prime factors of u?
3, 7
Let m be (-1)/(-2)*(-1 + 7). Suppose j = -5*l - 4 - 8, 0 = -2*j - l + m. List the prime factors of (1 + 1)*(-2 + j).
2
Let f(h) = h**3 - 7*h**2 - 7*h - 6. Let r be f(8). Suppose -r*s = 3*s - 110. What are the prime factors of s?
2, 11
Let y(i) = -i + i + 5*i - 2*i + 10. What are the prime factors of y(9)?
37
Suppose 12*o - 718 = -118. List the prime factors of o.
2, 5
Let g(z) = 8*z**3 - z. Suppose p - 2 = -1. What are the prime factors of g(p)?
7
Let h = -31 + 2. What are the prime factors of (-27)/18 - h/2?
13
Let d = -12 - 5. Let n = d - -37. List the prime factors of n.
2, 5
Let v be ((-52)/3 + 0)/(8/(-12)). Suppose q + 87 = 2*b - 2*q, 2*q - 150 = -4*b. Let g = b - v. What are the prime factors of g?
13
Suppose 2*y = 6*y - 8. Suppose -y*w + 5*w = -5*l + 37, -2*l = -4*w + 6. What are the prime factors of w?
2
What are the prime factors of (-496)/(-36) + (-2)/(-9)?
2, 7
What are the prime factors of 12 + -16 + 2*14?
2, 3
Let p(l) = 2*l**2 - 6*l - 2. Let h be p(-5). Suppose -3*w = -3*k - 69, -2*w = -6*w - 3*k + h. List the prime factors of w.
3, 7
Let z(u) = u + 7. Let a be z(-5). Suppose -47 = -o + a*m, -2*m = m + 12. List the prime factors of o.
3, 13
Suppose -6 = 3*f, -3*q - 4*f + 323 = -2*f. List the prime factors of q.
109
Suppose 4*u = -2*u + 24. List the prime factors of u.
2
Let t = -9 + 35. What are the prime factors of t?
2, 13
List the prime factors of ((-4)/(-6)*-197)/((-24)/36).
197
Let c = 146 - 91. List the prime factors of c.
5, 11
Suppose -g = -4*g + 9. Let r be (-4)/((-8)/(-6)) - (-6 - -3). Suppose -3*c + g*x + 18 = r, -c = -0*c + 2*x - 12. What are the prime factors of c?
2
Suppose -4*z - d = d - 458, -3*d = 2*z - 223. What are the prime factors of z?
2, 29
Let k(b) = -b + 2. Let q be k(4). Let g = q + 4. List the prime factors of -14*(-1)/g*1.
7
Let d(c) = -c**3 - 18*c**2 - 18*c + 24. Let v be d(-17). What are the prime factors of (4 - 9 - -3) + v?
3, 13
Let s be 4 - (0 - (1 - 2)). List the prime factors of 1/(s/15*1).
5
Suppose d - 4*d + 9 = 0. Let w(u) = 12*u**3 + u**2 - 2*u + 1. Let f be w(1). Let s = f - d. What are the prime factors of s?
3
Let w = 1 + 2. Suppose 4*r - 61 = -5*d + w*r, 5*d - 2*r - 73 = 0. What are the prime factors of d?
13
Let k = 147 + 152. List the prime factors of k.
13, 23
Suppose -4*g - 4*s + 280 = 0, -4*s + 66 + 76 = 2*g. List the prime factors of g.
3, 23
Let i = 28 + -44. Let a = i - -26. What are the prime factors of a?
2, 5
Let p = -129 + 210. List the prime factors of p.
3
What are the prime factors of (-6)/(-5)*(-30)/(-4)?
3
Let i(x) = 6*x + 1. Let q be i(1). What are the prime factors of (-2)/(-8) + q/4?
2
Let r(l) = l**2 - 10*l - 6. Let q = 28 + -16. What are the prime factors of r(q)?
2, 3
Let v(z) = 3*z - z + 3*z - z - 11. List the prime factors of v(8).
3, 7
Let z(f) = -f**3 + 6*f**2 - 5*f + 5. Let s be z(5). Suppose 3*o = s*o - 10. Let i(x) = x**3 - 5*x**2 + x - 2. What are the prime factors of i(o)?
3
Suppose -21 - 48 = 3*c. Let x = c + 58. What are the prime factors of x?
5, 7
Let v(x) = -x**3 + 6*x**2 + x - 2. Let y = -6 - -10. Let c be (2 - 1) + 1 + y. List the prime factors of v(c).
2
Let p(o) = 2*o + 7. Let s be p(-6). Let q be ((-36)/15)/(1/s). List the prime factors of 4/(q/15) - 2.
3
Suppose -2*v - 3*v - 10 = 0. Let q = 3 + v. List the prime factors of 3*q/3*11.
11
Suppose 5*q = 4*q. Suppose q = -3*u + 5*u - 4. What are the prime factors of u?
2
Suppose 0 = 5*m - 2*m. Suppose 3*q - 10 = -2*q. Suppose q*w + 2*w - 48 = m. List the prime factors of w.
2, 3
Let x = -60 + 152. List the prime factors of x.
2, 23
Let a be 1*(-2)/(-3)*3. Let c be (a/2)/(-3)*-15. Suppose -3*p - c*h = 0, -5*h + h = 3*p - 3. What are the prime factors of p?
5
What are the prime factors of (2/5)/(11/770)?
2, 7
Suppose 18 + 94 = 2*b. Suppose -y + 2*y + l - 28 = 0, 2*y = -3*l + b. Suppose -4*f + 42 = 5*x, -4*f + 5*x + y = 3*x. List the prime factors of f.
2
Suppose -3*r + 24 = -2*r. What are the prime factors of r?
2, 3
Let s = 45 - -22. List the prime factors of s.
67
Let q = -130 - -233. What are the prime factors of q?
103
Let s(i) = -5*i + 11. List the prime factors of s(-12).
71
Let x = 1 + 2. Suppose 4*r = x*h + 5, -3*h + r + r = -5. List the prime factors of h.
5
Suppose -309 = -2*o + 5*h, 6*o - 820 = o + 3*h. List the prime factors of o.
167
Let d(s) = 4*s**2 + 1. Let n be d(-1). Suppose -n*j - 25 + 0 = 0, 81 = 4*r - j. What are the prime factors of r?
19
Let n(k) = 26*k**2 - 2*k. What are the prime factors of n(-1)?
2, 7
Let n(q) = 15 - 12*q - 4 + q**2 + 0*q**2 + 3*q. Let h be n(8). Suppose -1 = -h*m + 20. What are the prime factors of m?
7
Let o(y) = -y**3 + 9*y**2 - 15*y + 3. List the prime factors of o(6).
3, 7
Let b(a) = -2*a - 11. What are the prime factors of b(-11)?
11
List the prime factors of (20/(-6))/(22/(-165)).
5
Suppose 0 = -3*f - 9, -8*y + 3*y - 171 = 2*f. Let a = -19 - y. What are the prime factors of a?
2, 7
Let g = 69 - 47. List the prime factors of g.
2, 11
Let v(w) = -5*w - 1. Let d be v(-5). Suppose 0 = -2*b + 4*b - d. List the prime factors of b.
2, 3
What are the prime factors of (1*12)/((-15)/(-10))?
2
Suppose -21 = 4*j - 101. Suppose -2*u - z + j = -4*z, 3*z = -u - 8. List the prime factors of u.
2
Suppose f + 5*q = 153, f - 2*q + 54 = 179. What are the prime factors of f?
7, 19
Let f be (1/(-3))/((-5)/210). Suppose -2*u + 7 = 3*l, 4*u + 5*l - f + 1 = 0. Suppose -2 = -2*r + u. List the prime factors of r.
2
Suppose 4*s + 52 + 2 = 2*i, s - 144 = -4*i. What are the prime factors of i?
5, 7
Let a = -16 - -13. List the prime factors of 24 - (-2)/3*a.
2, 11
Suppose 2*c = -2*c - 3*z - 19, 0 = 4*c + z + 9. List the prime factors of ((-5)/10)/(c/74).
37
Let h = -16 + 9. Let q = h + 11. List the prime factors of (21/(-6))/((-1)/q).
2, 7
List the prime factors of 513/3 + 0 + 0.
3, 19
Let o(u) = -u + 12. Let b(v) = 4. Let p(n) = -7*b(n) + 2*o(n). What are the prime factors of p(-8)?
2, 3
Let z be 1*(-1)/(3/15). What are the prime factors of 3/(z/((-30)/9))?
2
List the prime factors of 6/3 - (-63 + 3).
2, 31
Suppose 4*o + 0*b - 2*b + 64 = 0, 5*o - 5*b = -85. Let n = 29 + o. List the prime factors of n.
2, 7
Let q(b) = b**3 - 4*b**2 - 5*b + 3. Let j be q(5). Suppose -j*i + 69 = 18. List the prime factors of i.
17
Let s(a) = 3*a + 5. Let t(b) = b + 1. Let c(v) = s(v) - 2*t(v). Let d be c(4). Let n = 22 - d. List the prime factors of n.
3, 5
Suppose -4*o = -o - 27. List the prime factors of o.
3
Suppose -4*g + 3*g = -28. List the prime factors of 6/9 - g/(-3).
2, 5
Let r(o) = o**3 + 2*o**3 - 15 - 2*o**3 - 16*o + 13*o**2. List the prime factors of r(-14).
13
Suppose 2*o = o + 175. List the prime factors of o